l) = -5*q(l) + 6*z(l). Calculate f(k).
-3
Suppose 5*p = 2*c + 33, -44 + 9 = -3*p + 5*c. Let z(s) = -s**3 + 5*s**2 + s - 5. Calculate z(p).
0
Suppose 0 = -8*x + 7*x + 7. Let d(o) = -o**2 + 4*o + 9. Determine d(x).
-12
Let q(a) be the third derivative of -a**5/60 - a**4/8 + 27*a**2. Give q(-2).
2
Let p(n) = -6*n + 1. Suppose -2*c + 5*c = -3. Determine p(c).
7
Let t(i) = i - 4. Let w be t(6). Let j(k) = -2 - 1 + 1 - 3*k. Give j(w).
-8
Suppose 1 = 2*i - 0*r - 3*r, -5 = -5*r. Let u(a) = -6 - 3*a + a**3 + 6 + 2 - 4*a**i. Determine u(4).
-10
Suppose -t = -2*v - 8, 5*v + 13 = -7. Let l(y) = t + 0 - y + 10. Calculate l(5).
5
Let o(v) = -2*v**2 + 6*v - 4 + v - 2*v. Give o(3).
-7
Let d(a) = -a**2 - 7*a + 2. Suppose -3 - 9 = 2*k. Determine d(k).
8
Suppose -5*w = -3*h + 4 + 34, 2*h - 34 = -w. Suppose -4*o + h = -0*o, -4*i = 4*o - 8. Let x(t) = t**3 - 2*t**2 - 3*t - 1. Calculate x(i).
-11
Let u(c) = c + 9. Suppose -3*p = -8*p + 25. Suppose 3*t - 9 = -f, -p*f + 4*t - 8 - 4 = 0. Give u(f).
9
Let s(o) = 4*o + 3. Let a(n) = -20*n - 16. Let b(g) = -2*a(g) - 11*s(g). Let c = 51 + -52. What is b(c)?
3
Let r be (-4)/(-14) + 19/7. Let y(g) = 0 - 2*g + 1 + 2*g**2 - g**r + 1. Let a be (4/(-18)*-3)/((-12)/(-36)). Determine y(a).
-2
Suppose 4*k + 0*k = 0. Let r(c) = c**3 + c**2 - 3. What is r(k)?
-3
Let g(u) = -u**2 + 16*u + 19. Let b be g(17). Let h(m) = 3*m**2 - m - 2. What is h(b)?
8
Let n = -2 - -4. Let y(u) = 5*u + 13. Let f(c) = -c - 3. Let k(a) = 18*f(a) + 4*y(a). What is k(n)?
2
Let n(h) = 2*h - 4. Let t(b) = -3*b + 8. Let p(q) = 7*n(q) + 4*t(q). Let d be p(-3). Let m(a) = a**2 - 2*a - 3. What is m(d)?
5
Let n = -8 - -10. Let v = 0 - n. Let z(t) = t**2 - t. Give z(v).
6
Suppose 6*c = 15 + 3. Let t(s) be the second derivative of 2*s + 0 + 1/2*s**2 + 1/6*s**c. Give t(4).
5
Let l(a) = 4*a**2 - 12*a + 10. Let z(m) = 11*m**2 - 35*m + 29. Let x(g) = -8*l(g) + 3*z(g). What is x(8)?
-1
Let k(f) = 11 - f + 2 + 0 + 3. Give k(7).
9
Let w(m) = -m**2 + 4 + m**3 - 3 - 3*m**3 + 3*m**3. Let y be w(0). Let b(k) = -7*k**3 + k**2 - k + 1. Calculate b(y).
-6
Let o(l) = l**2 - 8*l - 6. Suppose g = 3*j - 16 - 10, 0 = -5*j + 3*g + 46. Calculate o(j).
-6
Let x(l) = -2*l**3 - l**2 + 2*l + 1. Let g(a) = 3*a**2 - 15*a - 2. Let j be g(5). Determine x(j).
9
Let h = 21 - 12. Suppose q = -2*q + h. Let n be ((-2)/(-3))/(q/(-18)). Let m(o) = -o**2 - 5*o + 3. Determine m(n).
7
Let k(m) = 3*m - 2*m - 1 - 2. Suppose -4*n + 4*q + 81 = 21, n - 27 = 5*q. Suppose 0 = 4*l - n, l + 5 = 3*g - g. Determine k(g).
1
Suppose -5*g + 2*p = 97, -6*p = -3*g - p - 43. Let w = g - -16. Let l(z) = z**3 + 4*z**2 - 8*z - 6. What is l(w)?
9
Suppose 4*r + 115 = -r. Let o = r - -14. Let p = -6 - o. Let b(m) = 2*m. Determine b(p).
6
Let o(k) = k + 2. Let r be 108/(-8)*(4 - 50/15). What is o(r)?
-7
Let f(g) = 3*g + 3. Let n(t) = 7*t + 5. Let m(l) = -5*f(l) + 2*n(l). Determine m(-4).
-1
Let x(m) = -m**3 - 4*m**2 + 2*m + 2. Suppose 3*f + 18 = -4*b + 4, 0 = 4*f + 5*b + 17. Let d(y) = -y**2 - y + 1. Let q(n) = f*d(n) - x(n). What is q(-3)?
3
Let f(o) = -13*o + o**2 + 8*o - 1 - o. Let c(j) = j**3 + 4*j**2 + 2*j. Let u be c(-3). Determine f(u).
-10
Let y(g) = 2*g**2 - 4*g - 1. Let w(x) = 5*x**2 - 8*x - 2. Let b(t) = 3*w(t) - 7*y(t). Determine b(-3).
-2
Suppose 2*x - 4*x + 26 = -5*g, -2*g - 11 = -x. Let b(l) = l**3 + 3*l**2 - 5*l - 3. What is b(g)?
1
Let c = 29 + -23. Let j(u) = -6 + 5*u**2 + 7*u + 5*u**3 - 4*u**3 - 2*u**3. Determine j(c).
0
Let a(x) = x**2 + 4*x - 2. Suppose 5*f = 2*r + 17, -2 = 3*r - 2*f + 7. Let z = -2 - r. Let i = -6 - z. Give a(i).
3
Let h be ((-6)/1)/(3/(-3)). Let v(u) = u**2 - u. Let m(q) = -5*q**2 + 11*q - 3. Let n(t) = m(t) + 4*v(t). Calculate n(h).
3
Let k(g) = -g**2. Let f(w) = -4*w**2 + 4*w - 4. Let h(z) = -f(z) + 3*k(z). Let b be 1/(-2)*(-3 + 1). Let p = b - -4. Give h(p).
9
Let m(n) be the second derivative of -13*n**3/6 - n**2 + 36*n. What is m(2)?
-28
Let h(v) = v - 4. Let m be -1 - (-4 + (2 - 2)). Suppose -17 = -m*y + 4*f, -f - 7 = -3*y + f. Let p be 40/15 - y/3. Calculate h(p).
-1
Suppose c = -1 + 5. Suppose 3*y + c = 5*y. Let v(d) = 0 + 0 - d**2 - d + y*d - 8. What is v(0)?
-8
Suppose 0 = -3*o - 5*s - 8, 0*s = o - 2*s + 10. Let f = o + 13. Let d(y) = 0 - y**2 - f*y - 7 + y. Calculate d(-5).
-2
Let i(n) = n**3 - n**2 + n + 1. Suppose -5*u + 46 = 4*z, 3*u + 2 = 9*z - 4*z. Let k(s) = 7*s**3 - 5*s**2 + 4*s + 4. Let w(d) = u*i(d) - k(d). What is w(-2)?
2
Let h(t) = -6*t**3 + 2*t**2 - t. Suppose -19 - 7 = -2*a. Let q = -25 + a. Let u be q/(-10) - 4/20. Determine h(u).
-5
Let v(m) = -m**3 + m + 2. Let b(t) = t**3 + 3*t**2 + t + 4. Let g = -7 - -4. Let f be b(g). Let n be (-2 - 1) + f + 0. Give v(n).
8
Suppose -3*w = -0*w + 15. Let k(z) = z**3 + 5*z**2 + 4*z + 6. Give k(w).
-14
Let f(h) = 10*h - 8. Let d(c) = 7*c - 5. Let y(m) = -7*d(m) + 5*f(m). What is y(6)?
1
Let t = 4 + -1. Let m(s) = -3*s**3 + 19*s**2 - 19*s + 16. Let p(d) = -d**3 + 6*d**2 - 6*d + 5. Let x(j) = 2*m(j) - 7*p(j). Determine x(t).
0
Let z be -2 - 0 - -6*1. Let a(k) = z*k**3 - k**2 + k - 2*k**3 - 1 - k**3. Give a(2).
5
Let v(l) = -2 - 5*l + 2 - 1 - 2*l**2 + 3*l**2. What is v(6)?
5
Let a(c) = -6*c - 3. Let x(j) = -7*j - 3. Let o(r) = -6*a(r) + 5*x(r). What is o(-6)?
-3
Let o(t) = 2*t + 2. Suppose -4*h + 0 - 8 = 0. Calculate o(h).
-2
Let p(i) = i - 8. Let t be p(4). Let d(m) be the third derivative of -m**6/120 - m**5/15 - m**3/3 + 2*m**2. What is d(t)?
-2
Suppose -5*s + 10 = -0*s. Suppose 5 = -4*r - 3*h, 0 = s*r - h - 0*h + 15. Let l(j) be the second derivative of j**3/6 + 3*j**2 - 3*j. Give l(r).
1
Let g(m) = -m**2 - 4*m - 7. Suppose n - 6 = -3. Let k(c) = -4*c + c - c**2 - 15 + 7. Let z(l) = n*k(l) - 2*g(l). Determine z(0).
-10
Let l(i) = -i**2 + 3*i + 3. Let p(w) = -w - 18. Let y be p(-23). What is l(y)?
-7
Let l(v) = -v**3 - v**2 + v - 4. Let p(k) = -k**2 - 9*k. Suppose 3*u = -2*n - 21, -25 = 5*n - 2*n - 2*u. Let d be p(n). Give l(d).
-4
Let j be -16 - -13 - (-4)/1. Let r(u) = -u - 2*u**2 + u**2 + 2*u. Let q be r(j). Let n(f) = f**2 + f + 2. Calculate n(q).
2
Let u(b) = b**3 + 4*b**2 - 3*b + 7. Suppose -8 = -3*q + 16. Suppose 17 = -4*y - 3, 2*y - 16 = -2*s. Let i = q - s. Determine u(i).
-3
Let z(a) be the first derivative of a**4/4 + 4*a**3/3 - a**2 - 4*a + 17. Give z(-4).
4
Let b be (1/(-3))/(2/(-6)). Let r = b - 3. Let v(f) = 1 - 1 - 2*f**2 + 7*f - 9*f. Calculate v(r).
-4
Let g(h) = h - 9 + h**2 - h**3 + h**2 + 2*h**3 - 2*h. Let y(x) = 2*x**3 + 5*x**2 - 2*x - 18. Let j(q) = 5*g(q) - 2*y(q). What is j(0)?
-9
Let p(x) = 10*x**2 - x. Let u be 5/((-10)/(0 - 2)). Determine p(u).
9
Let s(q) be the second derivative of -q**4/8 + q**3/2 - 2*q**2 - 2*q. Let z(u) be the first derivative of s(u). Give z(2).
-3
Let y(w) be the first derivative of w**4/4 - 2*w**3/3 - w**2 - 3*w - 8. Determine y(3).
0
Let o(m) be the second derivative of 31*m**4/12 + 57*m. Give o(1).
31
Suppose 3 = 2*n + 7, -22 = 5*k - 4*n. Let m(b) = -b**3 - 6*b**2 + b + 3. Give m(k).
-3
Let o(q) = 5*q**3 + 6*q**2 + q + 1. Let y(g) = -4*g**3 - 5*g**2 - g. Let j be 16/6*3 + -2. Let s(w) = j*y(w) + 5*o(w). Give s(0).
5
Let m(s) = s**3 - 2*s**2 - 1. Suppose 5*g - 26 + 7 = -j, 0 = -g + 4*j - 13. Give m(g).
8
Let z = 18 + -12. Suppose z*s - 2*s = 0. Let x = s + -1. Let n(h) = -2*h**2 + 2*h + 1. What is n(x)?
-3
Let t(z) be the first derivative of 1/2*z**2 - 2 - 8*z. Give t(5).
-3
Suppose -12 = -4*x + 12. Suppose 0 = -3*m + m + 5*o + 9, 3*o + x = m. Let c(b) = -b + 1. Calculate c(m).
4
Let h(o) = -2*o - 2. Let f(n) = -2*n**3 + 18*n**2 + 3. Let w be f(9). Give h(w).
-8
Let n(b) be the second derivative of b**4/12 - b**3/6 - 5*b**2/2 - 3*b. Calculate n(4).
7
Suppose 2*t - 5*h - 22 = t, 2*h + 16 = 4*t. Suppose -3*f = t*f. Let b(v) = -v - 3. Give b(f).
-3
Suppose 3*o = c - 19, 0 = 3*c + c - 4*o - 44. Let p(j) = -2 + c - 3 + 3*j + 2*j**2. Give p(-3).
11
Let g be (-6)/4*80/15. Let c(i) = i + 13. Let q be c(g). Let a(l) = l - 6. Determine a(q).
-1
Let v = 31 - 36. Let x(y) = y**3 + 4*y**2 - 3*y. What is x(v)?
-10
Let x(w) = w + 3. Suppose -r = 1 + 1. Let c be (-3)/2 + r/4. Give x(c).
1
Let y(f) = f - 3. Suppose 5*r + 3 = 5*w + 8, 0 = 3*r + w - 11. Suppose r*p + 2*n + n = 6, -4*p + 3*n + 22 = 0. Determine y(p).
1
Let a(g) be the first derivative of -g**6/120 + g**5/60 - g**4/24 - g**